{"id":1107,"date":"2020-10-03T11:42:54","date_gmt":"2020-10-03T14:42:54","guid":{"rendered":"http:\/\/projetos.wlocus.com.br\/abasc\/?page_id=1107"},"modified":"2021-05-05T12:09:10","modified_gmt":"2021-05-05T15:09:10","slug":"home-modelo-01","status":"publish","type":"page","link":"https:\/\/projetos.wlocus.com.br\/abasc\/","title":{"rendered":"Home"},"content":{"rendered":"<p>[et_pb_section fb_built=&#8221;1&#8243; fullwidth=&#8221;on&#8221; _builder_version=&#8221;4.7.7&#8243; _module_preset=&#8221;default&#8221;][et_pb_nextend_smart_slider_3_fullwidth _builder_version=&#8221;4.7.7&#8243; _module_preset=&#8221;default&#8221;][\/et_pb_nextend_smart_slider_3_fullwidth][\/et_pb_section][et_pb_section fb_built=&#8221;1&#8243; _builder_version=&#8221;4.7.7&#8243; _module_preset=&#8221;default&#8221; custom_margin=&#8221;||-5px|||&#8221; custom_padding=&#8221;||40px|||&#8221;][et_pb_row column_structure=&#8221;1_3,1_3,1_3&#8243; use_custom_gutter=&#8221;on&#8221; gutter_width=&#8221;2&#8243; custom_padding_last_edited=&#8221;on|tablet&#8221; _builder_version=&#8221;4.8.2&#8243; _module_preset=&#8221;default&#8221; width=&#8221;100%&#8221; custom_margin=&#8221;-130px|auto|-1px|auto|false|false&#8221; custom_margin_tablet=&#8221;&#8221; custom_margin_phone=&#8221;0px||||false|false&#8221; custom_margin_last_edited=&#8221;on|phone&#8221; custom_padding=&#8221;||||false|false&#8221; custom_padding_tablet=&#8221;|30px||30px|false|false&#8221; custom_padding_phone=&#8221;|30px||30px|false|false&#8221;][et_pb_column type=&#8221;1_3&#8243; _builder_version=&#8221;4.8.2&#8243; _module_preset=&#8221;default&#8221; background_color=&#8221;#ffffff&#8221; custom_padding=&#8221;35px|30px|35px|30px|false|false&#8221; animation_style=&#8221;fade&#8221; border_radii=&#8221;on|5px|5px|5px|5px&#8221; box_shadow_style=&#8221;preset3&#8243;][et_pb_blurb title=&#8221;Nossos Projetos&#8221; use_icon=&#8221;on&#8221; font_icon=&#8221;%%150%%&#8221; use_icon_font_size=&#8221;on&#8221; icon_font_size=&#8221;35px&#8221; _builder_version=&#8221;4.9.4&#8243; _module_preset=&#8221;default&#8221; header_level=&#8221;h3&#8243; header_font=&#8221;Poppins|700||on|||||&#8221; header_text_align=&#8221;center&#8221; header_font_size=&#8221;18px&#8221; body_font=&#8221;Open Sans||||||||&#8221; custom_margin=&#8221;||||false|false&#8221; custom_padding=&#8221;||||false|false&#8221;]<\/p>\n<p style=\"text-align: center;\">Diferentes pessoas possuem diferentes n\u00edveis de vulnerabilidade, assim, a ABASC conta com projetos sociais de atua\u00e7\u00e3o diversificada.<\/p>\n<p style=\"text-align: center;\"><a href=\"http:\/\/projetos.wlocus.com.br\/abasc\/projetos\/\"><span style=\"color: #d59239; font-size: 16px;\">saiba mais<\/span><\/a><\/p>\n<p>[\/et_pb_blurb][\/et_pb_column][et_pb_column type=&#8221;1_3&#8243; _builder_version=&#8221;4.7.7&#8243; _module_preset=&#8221;default&#8221; background_color=&#8221;#ffffff&#8221; custom_padding=&#8221;35px|30px|35px|30px|false|false&#8221; animation_style=&#8221;fade&#8221; border_radii=&#8221;on|5px|5px|5px|5px&#8221; box_shadow_style=&#8221;preset3&#8243;][et_pb_blurb title=&#8221;Contribua&#8221; use_icon=&#8221;on&#8221; font_icon=&#8221;%%141%%&#8221; use_icon_font_size=&#8221;on&#8221; icon_font_size=&#8221;35px&#8221; _builder_version=&#8221;4.9.3&#8243; _module_preset=&#8221;default&#8221; header_level=&#8221;h3&#8243; header_font=&#8221;Poppins|700||on|||||&#8221; header_text_align=&#8221;center&#8221; header_font_size=&#8221;18px&#8221; body_font=&#8221;Open Sans||||||||&#8221; custom_margin=&#8221;||||false|false&#8221; custom_padding=&#8221;||||false|false&#8221;]<\/p>\n<p style=\"text-align: center;\">Quando estendemos as m\u00e3os para algu\u00e9m estamos criando a oportunidade de resgatar sua dignidade como ser humano. Fa\u00e7a parte desse processo.<\/p>\n<p style=\"text-align: center;\"><a href=\"http:\/\/projetos.wlocus.com.br\/abasc\/contribua\/\"><span style=\"color: #d59239; font-size: 16px;\">saiba mais<\/span><\/a><\/p>\n<p>[\/et_pb_blurb][\/et_pb_column][et_pb_column type=&#8221;1_3&#8243; _builder_version=&#8221;4.7.7&#8243; _module_preset=&#8221;default&#8221; background_color=&#8221;#ffffff&#8221; custom_padding=&#8221;35px|30px|35px|30px|false|false&#8221; animation_style=&#8221;fade&#8221; border_radii=&#8221;on|5px|5px|5px|5px&#8221; box_shadow_style=&#8221;preset3&#8243;][et_pb_blurb title=&#8221;Seja Volunt\u00e1rio&#8221; use_icon=&#8221;on&#8221; font_icon=&#8221;%%259%%&#8221; use_icon_font_size=&#8221;on&#8221; icon_font_size=&#8221;35px&#8221; _builder_version=&#8221;4.8.2&#8243; _module_preset=&#8221;default&#8221; header_level=&#8221;h3&#8243; header_font=&#8221;Poppins|700||on|||||&#8221; header_text_align=&#8221;center&#8221; header_font_size=&#8221;18px&#8221; body_font=&#8221;Open Sans||||||||&#8221; custom_margin=&#8221;||||false|false&#8221; custom_padding=&#8221;||||false|false&#8221;]<\/p>\n<p style=\"text-align: center;\">O trabalho volunt\u00e1rio \u00e9 uma forma de expressar gratid\u00e3o a Deus atrav\u00e9s do cuidado com o pr\u00f3ximo. Venha participar dessa experi\u00eancia conosco.<\/p>\n<p style=\"text-align: center;\"><a href=\"http:\/\/projetos.wlocus.com.br\/abasc\/voluntarios\/\"><span style=\"color: #d59239; font-size: 16px;\">saiba mais<\/span><\/a><\/p>\n<p>[\/et_pb_blurb][\/et_pb_column][\/et_pb_row][\/et_pb_section][et_pb_section fb_built=&#8221;1&#8243; _builder_version=&#8221;4.7.7&#8243; _module_preset=&#8221;default&#8221; custom_padding=&#8221;2px||60px|||&#8221;][et_pb_row column_structure=&#8221;1_2,1_2&#8243; use_custom_gutter=&#8221;on&#8221; gutter_width=&#8221;2&#8243; _builder_version=&#8221;4.7.7&#8243; _module_preset=&#8221;default&#8221;][et_pb_column type=&#8221;1_2&#8243; _builder_version=&#8221;4.7.7&#8243; _module_preset=&#8221;default&#8221; border_radii=&#8221;on|5px|5px|5px|5px&#8221; box_shadow_style=&#8221;preset3&#8243;][et_pb_nextend_smart_slider_3 slider=&#8221;4&#8243; _builder_version=&#8221;4.7.7&#8243; _module_preset=&#8221;default&#8221;][\/et_pb_nextend_smart_slider_3][\/et_pb_column][et_pb_column type=&#8221;1_2&#8243; _builder_version=&#8221;4.7.7&#8243; _module_preset=&#8221;default&#8221;][et_pb_text _builder_version=&#8221;4.7.7&#8243; _module_preset=&#8221;default&#8221; text_font=&#8221;Open Sans||||||||&#8221; text_text_color=&#8221;#777777&#8243; text_font_size=&#8221;16px&#8221; text_line_height=&#8221;1.8em&#8221; header_font=&#8221;Poppins||||||||&#8221; header_2_font=&#8221;Poppins|800|||||||&#8221; header_2_text_color=&#8221;#000000&#8243; header_2_font_size=&#8221;32px&#8221; header_2_line_height=&#8221;1.3em&#8221; custom_margin=&#8221;8%||||false|false&#8221;]<\/p>\n<h2><span style=\"color: #4e4e4e;\">Associa\u00e7\u00e3o Batista de A\u00e7\u00e3o Social de Curitiba<\/span><\/h2>\n<p>Somos uma institui\u00e7\u00e3o de car\u00e1ter filantr\u00f3pico, sem fins lucrativos, com objetivos educacionais, beneficentes e assistenciais, fundada em 18 de dezembro de 1996, como entidade civil com sede e foro na cidade de Curitiba.<\/p>\n<p>[\/et_pb_text][et_pb_button button_url=&#8221;@ET-DC@eyJkeW5hbWljIjp0cnVlLCJjb250ZW50IjoicG9zdF9saW5rX3VybF9wYWdlIiwic2V0dGluZ3MiOnsicG9zdF9pZCI6IjczIn19@&#8221; button_text=&#8221;Saiba Mais&#8221; _builder_version=&#8221;4.9.4&#8243; _dynamic_attributes=&#8221;button_url&#8221; _module_preset=&#8221;default&#8221; custom_button=&#8221;on&#8221; button_text_size=&#8221;15px&#8221; button_text_color=&#8221;#ffffff&#8221; button_bg_color=&#8221;#d59239&#8243; button_border_radius=&#8221;5px&#8221; button_letter_spacing=&#8221;0px&#8221; button_font=&#8221;Open Sans|||on|||||&#8221; custom_padding=&#8221;10px|35px|10px|35px|false|false&#8221;][\/et_pb_button][\/et_pb_column][\/et_pb_row][\/et_pb_section][et_pb_section fb_built=&#8221;1&#8243; _builder_version=&#8221;4.7.7&#8243; _module_preset=&#8221;default&#8221; background_color=&#8221;#d59239&#8243; background_image=&#8221;http:\/\/projetos.wlocus.com.br\/abasc\/wp-content\/uploads\/2021\/01\/bg-voluntario-home-img-03.jpg&#8221; parallax=&#8221;on&#8221; custom_padding=&#8221;90px||90px||false|false&#8221;][et_pb_row _builder_version=&#8221;4.7.7&#8243; _module_preset=&#8221;default&#8221;][et_pb_column type=&#8221;4_4&#8243; _builder_version=&#8221;4.7.7&#8243; _module_preset=&#8221;default&#8221;][et_pb_cta title=&#8221;Seja um volunt\u00e1rio =)&#8221; button_url=&#8221;@ET-DC@eyJkeW5hbWljIjp0cnVlLCJjb250ZW50IjoicG9zdF9saW5rX3VybF9wYWdlIiwic2V0dGluZ3MiOnsicG9zdF9pZCI6IjU0In19@&#8221; button_text=&#8221;SAIBA MAIS&#8221; _builder_version=&#8221;4.9.4&#8243; _dynamic_attributes=&#8221;button_url&#8221; _module_preset=&#8221;default&#8221; header_font=&#8221;Poppins|700|||||||&#8221; header_text_color=&#8221;#4e4e4e&#8221; header_font_size=&#8221;32px&#8221; body_font=&#8221;Open Sans||||||||&#8221; body_text_color=&#8221;#777777&#8243; background_color=&#8221;#fff&#8221; background_enable_image=&#8221;off&#8221; custom_button=&#8221;on&#8221; button_text_size=&#8221;18px&#8221; button_text_color=&#8221;#d59239&#8243; button_custom_padding=&#8221;10px|45px|10px|45px|false|false&#8221; width=&#8221;100%&#8221; max_width=&#8221;580px&#8221; module_alignment=&#8221;center&#8221; custom_padding=&#8221;80px|60px|80px|60px|false|false&#8221; custom_padding_tablet=&#8221;&#8221; custom_padding_phone=&#8221;30px|30px|30px|30px|false|false&#8221; custom_padding_last_edited=&#8221;on|phone&#8221; border_radii=&#8221;on|5px|5px|5px|5px&#8221;]<\/p>\n<p>O trabalho volunt\u00e1rio \u00e9 uma forma de expressar gratid\u00e3o a Deus atrav\u00e9s do cuidado com o pr\u00f3ximo. Venha participar dessa experi\u00eancia conosco.<\/p>\n<p>[\/et_pb_cta][\/et_pb_column][\/et_pb_row][\/et_pb_section][et_pb_section fb_built=&#8221;1&#8243; _builder_version=&#8221;4.7.7&#8243; _module_preset=&#8221;default&#8221;][et_pb_row _builder_version=&#8221;4.7.7&#8243; _module_preset=&#8221;default&#8221; min_height=&#8221;131.7px&#8221; custom_padding=&#8221;||0px|||&#8221;][et_pb_column type=&#8221;4_4&#8243; _builder_version=&#8221;4.7.7&#8243; _module_preset=&#8221;default&#8221;][et_pb_blurb title=&#8221;Acontece na ABASC&#8221; use_icon=&#8221;on&#8221; _builder_version=&#8221;4.7.7&#8243; _module_preset=&#8221;default&#8221; header_level=&#8221;h2&#8243; header_font=&#8221;Poppins|800|||||||&#8221; header_font_size=&#8221;32px&#8221; body_font_size=&#8221;18px&#8221; text_orientation=&#8221;center&#8221;]<\/p>\n<p>Fique por dentro dos principais destaques da semana!<\/p>\n<p>[\/et_pb_blurb][et_pb_divider divider_weight=&#8221;5px&#8221; _builder_version=&#8221;4.7.7&#8243; _module_preset=&#8221;default&#8221; width=&#8221;75px&#8221; module_alignment=&#8221;center&#8221; custom_margin=&#8221;0px|0px|0px|0px|false|false&#8221; custom_padding=&#8221;0px|0px|0px|0px|false|false&#8221;][\/et_pb_divider][\/et_pb_column][\/et_pb_row][et_pb_row _builder_version=&#8221;4.7.7&#8243; _module_preset=&#8221;default&#8221; custom_margin=&#8221;0px|auto||auto||&#8221;][et_pb_column type=&#8221;4_4&#8243; _builder_version=&#8221;4.7.7&#8243; _module_preset=&#8221;default&#8221;][et_pb_code _builder_version=&#8221;4.9.4&#8243; _module_preset=&#8221;default&#8221; hover_enabled=&#8221;0&#8243; sticky_enabled=&#8221;0&#8243;]\r\n\t<div class=\"psac-post-carousel-wrp psac-slider-and-carousel psac-clearfix\">\r\n\t\t<div class=\"psac-post-carousel owl-carousel psac-design-1\" id=\"psac-carousel-1\" data-conf=\"{&quot;slide_show&quot;:3,&quot;slide_scroll&quot;:1,&quot;dots&quot;:true,&quot;arrows&quot;:true,&quot;autoplay&quot;:true,&quot;autoplay_interval&quot;:4000,&quot;speed&quot;:600,&quot;loop&quot;:true}\">\r\n\t\t\t<div class=\"psac-post-carousel-slide\">\r\n\t<div class=\"psac-post-image-bg\" style=\" background-image: url('https:\/\/projetos.wlocus.com.br\/abasc\/wp-content\/uploads\/2021\/05\/Site.png'); \">\r\n\t<a href=\"https:\/\/projetos.wlocus.com.br\/abasc\/informativo-abasc-abril-21\/\" class=\"psac-link-overlay\"><\/a>\r\n\t\t<div class=\"psac-post-carousel-content\">\r\n\t\t\t\t\t<div class=\"psac-post-categories\">\r\n\t\t\t\t<a class=\"psac-post-cat psac-post-cat-83\" href=\"https:\/\/projetos.wlocus.com.br\/abasc\/category\/informativos-mensais\/\">Informativos mensais<\/a>\t\t\t<\/div>\r\n\t\t\t\r\n\t\t\t<h2 class=\"psac-post-title\">\r\n\t\t\t\t<a href=\"https:\/\/projetos.wlocus.com.br\/abasc\/informativo-abasc-abril-21\/\">Informativo ABASC &#8211; Abril\/21<\/a>\r\n\t\t\t<\/h2>\r\n\r\n\t\t\t\t\t\t\t<div class=\"psac-post-meta\">\r\n\t\t\t\t\t\t\t\t\t\t\t\t\t\t\t\t\t\t\t\t\t\t\t\t\t\t\t\t\t<\/div>\r\n\t\t\t\t\t<\/div>\r\n\t<\/div>\r\n\t<\/div><div class=\"psac-post-carousel-slide\">\r\n\t<div class=\"psac-post-image-bg\" style=\" background-image: url('https:\/\/projetos.wlocus.com.br\/abasc\/wp-content\/uploads\/2021\/04\/WhatsApp-Image-2021-04-20-at-18.23.06-2.jpeg'); \">\r\n\t<a href=\"https:\/\/projetos.wlocus.com.br\/abasc\/projeto-agir\/\" class=\"psac-link-overlay\"><\/a>\r\n\t\t<div class=\"psac-post-carousel-content\">\r\n\t\t\t\t\t<div class=\"psac-post-categories\">\r\n\t\t\t\t<a class=\"psac-post-cat psac-post-cat-53\" href=\"https:\/\/projetos.wlocus.com.br\/abasc\/category\/sem-categoria\/\">Sem categoria<\/a>\t\t\t<\/div>\r\n\t\t\t\r\n\t\t\t<h2 class=\"psac-post-title\">\r\n\t\t\t\t<a href=\"https:\/\/projetos.wlocus.com.br\/abasc\/projeto-agir\/\">Projeto AGIR<\/a>\r\n\t\t\t<\/h2>\r\n\r\n\t\t\t\t\t\t\t<div class=\"psac-post-meta\">\r\n\t\t\t\t\t\t\t\t\t\t\t\t\t\t\t\t\t\t\t\t\t\t\t\t\t\t\t\t\t<\/div>\r\n\t\t\t\t\t<\/div>\r\n\t<\/div>\r\n\t<\/div><div class=\"psac-post-carousel-slide\">\r\n\t<div class=\"psac-post-image-bg\" style=\" background-image: url('https:\/\/projetos.wlocus.com.br\/abasc\/wp-content\/uploads\/2021\/04\/08.-Informativo-Marco.2021.png'); \">\r\n\t<a href=\"https:\/\/projetos.wlocus.com.br\/abasc\/informativo-abasc-marco-21\/\" class=\"psac-link-overlay\"><\/a>\r\n\t\t<div class=\"psac-post-carousel-content\">\r\n\t\t\t\t\t<div class=\"psac-post-categories\">\r\n\t\t\t\t<a class=\"psac-post-cat psac-post-cat-83\" href=\"https:\/\/projetos.wlocus.com.br\/abasc\/category\/informativos-mensais\/\">Informativos mensais<\/a>\t\t\t<\/div>\r\n\t\t\t\r\n\t\t\t<h2 class=\"psac-post-title\">\r\n\t\t\t\t<a href=\"https:\/\/projetos.wlocus.com.br\/abasc\/informativo-abasc-marco-21\/\">Informativo ABASC &#8211; Mar\u00e7o\/21<\/a>\r\n\t\t\t<\/h2>\r\n\r\n\t\t\t\t\t\t\t<div class=\"psac-post-meta\">\r\n\t\t\t\t\t\t\t\t\t\t\t\t\t\t\t\t\t\t\t\t\t\t\t\t\t\t\t\t\t<\/div>\r\n\t\t\t\t\t<\/div>\r\n\t<\/div>\r\n\t<\/div><div class=\"psac-post-carousel-slide\">\r\n\t<div class=\"psac-post-image-bg\" style=\"\">\r\n\t<a href=\"https:\/\/projetos.wlocus.com.br\/abasc\/sos-marco-2021\/\" class=\"psac-link-overlay\"><\/a>\r\n\t\t<div class=\"psac-post-carousel-content\">\r\n\t\t\t\t\t<div class=\"psac-post-categories\">\r\n\t\t\t\t<a class=\"psac-post-cat psac-post-cat-53\" href=\"https:\/\/projetos.wlocus.com.br\/abasc\/category\/sem-categoria\/\">Sem categoria<\/a>\t\t\t<\/div>\r\n\t\t\t\r\n\t\t\t<h2 class=\"psac-post-title\">\r\n\t\t\t\t<a href=\"https:\/\/projetos.wlocus.com.br\/abasc\/sos-marco-2021\/\">SOS &#8211; Mar\u00e7o\/2021<\/a>\r\n\t\t\t<\/h2>\r\n\r\n\t\t\t\t\t\t\t<div class=\"psac-post-meta\">\r\n\t\t\t\t\t\t\t\t\t\t\t\t\t\t\t\t\t\t\t\t\t\t\t\t\t\t\t\t\t<\/div>\r\n\t\t\t\t\t<\/div>\r\n\t<\/div>\r\n\t<\/div><div class=\"psac-post-carousel-slide\">\r\n\t<div class=\"psac-post-image-bg\" style=\"\">\r\n\t<a href=\"https:\/\/projetos.wlocus.com.br\/abasc\/projeto-mamaes\/\" class=\"psac-link-overlay\"><\/a>\r\n\t\t<div class=\"psac-post-carousel-content\">\r\n\t\t\t\t\t<div class=\"psac-post-categories\">\r\n\t\t\t\t<a class=\"psac-post-cat psac-post-cat-53\" href=\"https:\/\/projetos.wlocus.com.br\/abasc\/category\/sem-categoria\/\">Sem categoria<\/a>\t\t\t<\/div>\r\n\t\t\t\r\n\t\t\t<h2 class=\"psac-post-title\">\r\n\t\t\t\t<a href=\"https:\/\/projetos.wlocus.com.br\/abasc\/projeto-mamaes\/\">Projeto Mam\u00e3es<\/a>\r\n\t\t\t<\/h2>\r\n\r\n\t\t\t\t\t\t\t<div class=\"psac-post-meta\">\r\n\t\t\t\t\t\t\t\t\t\t\t\t\t\t\t\t\t\t\t\t\t\t\t\t\t\t\t\t\t<\/div>\r\n\t\t\t\t\t<\/div>\r\n\t<\/div>\r\n\t<\/div>\t\t<\/div>\r\n\t<\/div>\r\n\r\n\t[\/et_pb_code][\/et_pb_column][\/et_pb_row][\/et_pb_section]<\/p>\n","protected":false},"excerpt":{"rendered":"<p>[et_pb_section fb_built=&#8221;1&#8243; fullwidth=&#8221;on&#8221; _builder_version=&#8221;4.7.7&#8243; _module_preset=&#8221;default&#8221;][et_pb_nextend_smart_slider_3_fullwidth _builder_version=&#8221;4.7.7&#8243; _module_preset=&#8221;default&#8221;][\/et_pb_nextend_smart_slider_3_fullwidth][\/et_pb_section][et_pb_section fb_built=&#8221;1&#8243; _builder_version=&#8221;4.7.7&#8243; _module_preset=&#8221;default&#8221; custom_margin=&#8221;||-5px|||&#8221; custom_padding=&#8221;||40px|||&#8221;][et_pb_row column_structure=&#8221;1_3,1_3,1_3&#8243; use_custom_gutter=&#8221;on&#8221; gutter_width=&#8221;2&#8243; custom_padding_last_edited=&#8221;on|tablet&#8221; _builder_version=&#8221;4.8.2&#8243; _module_preset=&#8221;default&#8221; width=&#8221;100%&#8221; custom_margin=&#8221;-130px|auto|-1px|auto|false|false&#8221; custom_margin_tablet=&#8221;&#8221; custom_margin_phone=&#8221;0px||||false|false&#8221; custom_margin_last_edited=&#8221;on|phone&#8221; custom_padding=&#8221;||||false|false&#8221; custom_padding_tablet=&#8221;|30px||30px|false|false&#8221; custom_padding_phone=&#8221;|30px||30px|false|false&#8221;][et_pb_column type=&#8221;1_3&#8243; _builder_version=&#8221;4.8.2&#8243; _module_preset=&#8221;default&#8221; background_color=&#8221;#ffffff&#8221; custom_padding=&#8221;35px|30px|35px|30px|false|false&#8221; animation_style=&#8221;fade&#8221; border_radii=&#8221;on|5px|5px|5px|5px&#8221; box_shadow_style=&#8221;preset3&#8243;][et_pb_blurb title=&#8221;Nossos Projetos&#8221; use_icon=&#8221;on&#8221; font_icon=&#8221;%%150%%&#8221; use_icon_font_size=&#8221;on&#8221; icon_font_size=&#8221;35px&#8221; _builder_version=&#8221;4.9.4&#8243; _module_preset=&#8221;default&#8221; header_level=&#8221;h3&#8243; header_font=&#8221;Poppins|700||on|||||&#8221; header_text_align=&#8221;center&#8221; header_font_size=&#8221;18px&#8221; body_font=&#8221;Open Sans||||||||&#8221; custom_margin=&#8221;||||false|false&#8221; custom_padding=&#8221;||||false|false&#8221;] Diferentes pessoas possuem diferentes n\u00edveis [&hellip;]<\/p>\n","protected":false},"author":7,"featured_media":0,"parent":0,"menu_order":0,"comment_status":"closed","ping_status":"closed","template":"","meta":{"_et_pb_use_builder":"on","_et_pb_old_content":"","_et_gb_content_width":"","_monsterinsights_skip_tracking":false,"_monsterinsights_sitenote_active":false,"_monsterinsights_sitenote_note":"","_monsterinsights_sitenote_category":0},"_links":{"self":[{"href":"https:\/\/projetos.wlocus.com.br\/abasc\/wp-json\/wp\/v2\/pages\/1107"}],"collection":[{"href":"https:\/\/projetos.wlocus.com.br\/abasc\/wp-json\/wp\/v2\/pages"}],"about":[{"href":"https:\/\/projetos.wlocus.com.br\/abasc\/wp-json\/wp\/v2\/types\/page"}],"author":[{"embeddable":true,"href":"https:\/\/projetos.wlocus.com.br\/abasc\/wp-json\/wp\/v2\/users\/7"}],"replies":[{"embeddable":true,"href":"https:\/\/projetos.wlocus.com.br\/abasc\/wp-json\/wp\/v2\/comments?post=1107"}],"version-history":[{"count":263,"href":"https:\/\/projetos.wlocus.com.br\/abasc\/wp-json\/wp\/v2\/pages\/1107\/revisions"}],"predecessor-version":[{"id":2290,"href":"https:\/\/projetos.wlocus.com.br\/abasc\/wp-json\/wp\/v2\/pages\/1107\/revisions\/2290"}],"wp:attachment":[{"href":"https:\/\/projetos.wlocus.com.br\/abasc\/wp-json\/wp\/v2\/media?parent=1107"}],"curies":[{"name":"wp","href":"https:\/\/api.w.org\/{rel}","templated":true}]}}