{"id":3947,"date":"2020-03-17T19:23:53","date_gmt":"2020-03-17T22:23:53","guid":{"rendered":"http:\/\/projetos.wlocus.com.br\/fcc\/?page_id=3947"},"modified":"2020-03-19T23:47:39","modified_gmt":"2020-03-20T02:47:39","slug":"especializacao-em-teologia-pentecostal","status":"publish","type":"page","link":"https:\/\/projetos.wlocus.com.br\/fcc\/cursos\/especializacao-em-teologia-pentecostal\/","title":{"rendered":"Especializa\u00e7\u00e3o em Teologia Pentecostal"},"content":{"rendered":"<p>[vc_row full_width=&#8221;stretch_row_content&#8221; content_placement=&#8221;middle&#8221; parallax=&#8221;content-moving-fade&#8221; parallax_image=&#8221;1870&#8243; default_id=&#8221;themesflat_1541595892&#8243; css=&#8221;.vc_custom_1584672352002{padding-top: 150px !important;padding-bottom: 100px !important;background-position: center;background-repeat: no-repeat !important;background-size: cover !important;}&#8221; el_id=&#8221;header-personalizada__header&#8221;][vc_column][vc_column_text]<\/p>\n<h1 style=\"text-align: center;\">Especializa\u00e7\u00e3o em Teologia Pentecostal<\/h1>\n<p style=\"text-align: center;\">Visa capacitar os Pastores, Presb\u00edteros, Di\u00e1conos, Evangelistas, Professores de EBD e demais l\u00edderes Pentecostais<\/p>\n<p>[\/vc_column_text][\/vc_column][\/vc_row][vc_row css=&#8221;.vc_custom_1584482728891{padding-top: 100px !important;padding-bottom: 100px !important;}&#8221;][vc_column width=&#8221;2\/3&#8243;][vc_tta_tabs][vc_tta_section title=&#8221;Objetivo&#8221; tab_id=&#8221;Objetivod744-3b19&#8243;][vc_column_text]Com uma metodologia de ensino e aprendizagem inovadora o Curso visa capacitar os Pastores, Presb\u00edteros, Di\u00e1conos, Evangelistas, Professores de EBD e demais l\u00edderes Pentecostais a agregarem conhecimento e integra\u00e7\u00e3o da Teologia Pentecostal aos seus demais saberes, estando aptos ao final do curso a conduzir o seu minist\u00e9rio com maior profundidade teol\u00f3gica.[\/vc_column_text][\/vc_tta_section][vc_tta_section title=&#8221;P\u00fablico-alvo&#8221; tab_id=&#8221;publico-alvod744-3b19&#8243;][vc_column_text]Portadores de diploma de curso superior reconhecidos pelo MEC nas diferentes \u00e1reas do saber, tais como: pastores, l\u00edderes e membros de igrejas que exercem ou pretendem exercer a lideran\u00e7a pastoral e ministerial; Te\u00f3logos e Te\u00f3logas, Pesquisadores e Interessados no conhecimento da Teologia pentecostal e do Pentecostalismo.[\/vc_column_text][\/vc_tta_section][vc_tta_section title=&#8221;Disciplinas&#8221; tab_id=&#8221;disciplinasd744-3b19&#8243;][vc_column_text]<b>Aulas Presenciais Quinzenais: S\u00e1bados<\/b><\/p>\n<table>\n<tbody>\n<tr>\n<td>Disciplina<\/td>\n<td>CH<\/td>\n<\/tr>\n<tr>\n<td>\n<ul>\n<li>Hist\u00f3ria Social e Cultural do Pentecostalismo<\/li>\n<li>Hermen\u00eautica Pentecostal<\/li>\n<\/ul>\n<\/td>\n<td>45h\/a<\/td>\n<\/tr>\n<tr>\n<td>\n<ul>\n<li>A B\u00edblia, a interpreta\u00e7\u00e3o e a Revela\u00e7\u00e3o de Deus<\/li>\n<li>Miss\u00e3o e Cosmovis\u00e3o Pentecostal<\/li>\n<\/ul>\n<\/td>\n<td>45h\/a<\/td>\n<\/tr>\n<tr>\n<td>\n<ul>\n<li>Compreens\u00e3o Pentecostal sobre Deus, Jesus Cristo e a Reden\u00e7\u00e3o<\/li>\n<li>Batismo com o Esp\u00edrito Santo, dons Espirituais e espiritualidade pentecostal<\/li>\n<\/ul>\n<\/td>\n<td>45h\/a<\/td>\n<\/tr>\n<tr>\n<td>\n<ul>\n<li>Escatologia Pentecostal<\/li>\n<li>A Teologia Pentecostal em interface com a Teologia protestante<\/li>\n<\/ul>\n<\/td>\n<td>45h\/a<\/td>\n<\/tr>\n<tr>\n<td>\n<ul>\n<li>Trabalho de conclus\u00e3o de Curso<\/li>\n<\/ul>\n<\/td>\n<td><b>60 h\/a<\/b><\/td>\n<\/tr>\n<\/tbody>\n<\/table>\n<p>[\/vc_column_text][\/vc_tta_section][\/vc_tta_tabs][\/vc_column][vc_column width=&#8221;1\/3&#8243; css=&#8221;.vc_custom_1584483822251{padding-top: 50px !important;}&#8221;][vc_toggle title=&#8221;Investimento&#8221;]18 parcelas de R$ 240.00[\/vc_toggle][vc_toggle title=&#8221;Carga Hor\u00e1ria&#8221;]420h[\/vc_toggle][vc_toggle title=&#8221;Dura\u00e7\u00e3o&#8221;]18 meses<\/p>\n<p>*15 meses de Aulas te\u00f3ricas (360 h) e 3 meses de orienta\u00e7\u00e3o para o Trabalho de Conclus\u00e3o de Curso (60 horas).[\/vc_toggle][vc_toggle title=&#8221;Aulas Presenciais&#8221;]S\u00e1bados (quinzenais).[\/vc_toggle][vc_toggle title=&#8221;Corpo Docente&#8221;]Mestres e Doutores.[\/vc_toggle][vc_toggle title=&#8221;Inicio das Aulas&#8221;]\u00c0 definir.[\/vc_toggle][\/vc_column][\/vc_row]<\/p>\n","protected":false},"excerpt":{"rendered":"<p>[vc_row full_width=&#8221;stretch_row_content&#8221; content_placement=&#8221;middle&#8221; parallax=&#8221;content-moving-fade&#8221; parallax_image=&#8221;1870&#8243; default_id=&#8221;themesflat_1541595892&#8243; css=&#8221;.vc_custom_1584672352002{padding-top: 150px !important;padding-bottom: 100px !important;background-position: center;background-repeat: no-repeat !important;background-size: cover !important;}&#8221; el_id=&#8221;header-personalizada__header&#8221;][vc_column][vc_column_text] Especializa\u00e7\u00e3o em Teologia Pentecostal Visa capacitar os Pastores, Presb\u00edteros, Di\u00e1conos, Evangelistas, Professores de EBD e demais l\u00edderes Pentecostais [\/vc_column_text][\/vc_column][\/vc_row][vc_row css=&#8221;.vc_custom_1584482728891{padding-top: 100px !important;padding-bottom: 100px !important;}&#8221;][vc_column width=&#8221;2\/3&#8243;][vc_tta_tabs][vc_tta_section title=&#8221;Objetivo&#8221; tab_id=&#8221;Objetivod744-3b19&#8243;][vc_column_text]Com uma metodologia de ensino e aprendizagem inovadora [&hellip;]<\/p>\n","protected":false},"author":1,"featured_media":0,"parent":1692,"menu_order":0,"comment_status":"closed","ping_status":"closed","template":"tpl\/front-page.php","meta":[],"_links":{"self":[{"href":"https:\/\/projetos.wlocus.com.br\/fcc\/wp-json\/wp\/v2\/pages\/3947"}],"collection":[{"href":"https:\/\/projetos.wlocus.com.br\/fcc\/wp-json\/wp\/v2\/pages"}],"about":[{"href":"https:\/\/projetos.wlocus.com.br\/fcc\/wp-json\/wp\/v2\/types\/page"}],"author":[{"embeddable":true,"href":"https:\/\/projetos.wlocus.com.br\/fcc\/wp-json\/wp\/v2\/users\/1"}],"replies":[{"embeddable":true,"href":"https:\/\/projetos.wlocus.com.br\/fcc\/wp-json\/wp\/v2\/comments?post=3947"}],"version-history":[{"count":3,"href":"https:\/\/projetos.wlocus.com.br\/fcc\/wp-json\/wp\/v2\/pages\/3947\/revisions"}],"predecessor-version":[{"id":4181,"href":"https:\/\/projetos.wlocus.com.br\/fcc\/wp-json\/wp\/v2\/pages\/3947\/revisions\/4181"}],"up":[{"embeddable":true,"href":"https:\/\/projetos.wlocus.com.br\/fcc\/wp-json\/wp\/v2\/pages\/1692"}],"wp:attachment":[{"href":"https:\/\/projetos.wlocus.com.br\/fcc\/wp-json\/wp\/v2\/media?parent=3947"}],"curies":[{"name":"wp","href":"https:\/\/api.w.org\/{rel}","templated":true}]}}