{"id":3949,"date":"2020-03-17T19:27:29","date_gmt":"2020-03-17T22:27:29","guid":{"rendered":"http:\/\/projetos.wlocus.com.br\/fcc\/?page_id=3949"},"modified":"2020-03-19T23:42:16","modified_gmt":"2020-03-20T02:42:16","slug":"especializacao-em-gestao-de-organizacoes-do-terceiro-setor","status":"publish","type":"page","link":"https:\/\/projetos.wlocus.com.br\/fcc\/cursos\/especializacao-em-gestao-de-organizacoes-do-terceiro-setor\/","title":{"rendered":"Especializa\u00e7\u00e3o em Gest\u00e3o de Organiza\u00e7\u00f5es do Terceiro Setor"},"content":{"rendered":"<p>[vc_row full_width=&#8221;stretch_row_content&#8221; content_placement=&#8221;middle&#8221; parallax=&#8221;content-moving-fade&#8221; parallax_image=&#8221;1870&#8243; default_id=&#8221;themesflat_1541595892&#8243; css=&#8221;.vc_custom_1584672041826{padding-top: 150px !important;padding-bottom: 100px !important;background-position: center;background-repeat: no-repeat !important;background-size: cover !important;}&#8221; el_id=&#8221;header-personalizada__header&#8221;][vc_column][vc_column_text]<\/p>\n<h1 style=\"text-align: center;\">Especializa\u00e7\u00e3o em Gest\u00e3o de Organiza\u00e7\u00f5es do Terceiro Setor<\/h1>\n<p style=\"text-align: center;\">Visa desenvolver profissionais que sejam capazes de planejar, implantar e gerenciar Organiza\u00e7\u00f5es do Terceiro Setor<\/p>\n<p>[\/vc_column_text][\/vc_column][\/vc_row][vc_row css=&#8221;.vc_custom_1584482728891{padding-top: 100px !important;padding-bottom: 100px !important;}&#8221;][vc_column width=&#8221;2\/3&#8243;][vc_tta_tabs][vc_tta_section title=&#8221;Objetivo&#8221; tab_id=&#8221;Objetivo95f3-0bd2&#8243;][vc_column_text]Desenvolver profissionais que sejam capazes de planejar, implantar e gerenciar Organiza\u00e7\u00f5es do Terceiro Setor, desenvolvendo projetos sociais que atendam \u00e0s demandas da Sociedade Brasileira, promovendo o acesso aos direitos fundamentais e a viv\u00eancia de uma Cidadania Plena e Integral.[\/vc_column_text][\/vc_tta_section][vc_tta_section title=&#8221;P\u00fablico-alvo&#8221; tab_id=&#8221;publico-alvo95f3-0bd2&#8243;][vc_column_text]Profissionais nas mais Diversas \u00e1reas do Conhecimento, sejam Pastores, Mission\u00e1rios, Educadores religiosos e L\u00edderes em geral, com Curso Superior reconhecido pelo MEC.[\/vc_column_text][\/vc_tta_section][vc_tta_section title=&#8221;Disciplinas&#8221; tab_id=&#8221;disciplinas95f3-0bd2&#8243;][vc_column_text]<\/p>\n<ul>\n<li>Introdu\u00e7\u00e3o ao Estudo do Terceiro Setor<\/li>\n<li>Planejamento e Gest\u00e3o de Organiza\u00e7\u00f5es do Terceiro Setor<\/li>\n<li>\u00c9tica e Cidadania<\/li>\n<li>ONGs,\u00a0Terceiro\u00a0Setor\u00a0e Responsabilidade Social<\/li>\n<li>Direito e Regula\u00e7\u00e3o do Terceiro Setor<\/li>\n<li>Lideran\u00e7a e Gest\u00e3o de Pessoas em Projetos do Terceiro Setor<\/li>\n<li>Did\u00e1tica e Metodologia do Ensino Superior<\/li>\n<li>Trabalho de Conclus\u00e3o de Curso I: Teoria e Pesquisa<\/li>\n<li>Trabalho de Conclus\u00e3o de Curso II: Defesa e Apresenta\u00e7\u00e3o do Trabalho Final<\/li>\n<\/ul>\n<p>[\/vc_column_text][\/vc_tta_section][\/vc_tta_tabs][\/vc_column][vc_column width=&#8221;1\/3&#8243; css=&#8221;.vc_custom_1584484040951{padding-top: 50px !important;}&#8221;][vc_toggle title=&#8221;Investimento&#8221;]18 parcelas de R$ 240.00[\/vc_toggle][vc_toggle title=&#8221;Carga Hor\u00e1ria&#8221;]460h[\/vc_toggle][vc_toggle title=&#8221;Dura\u00e7\u00e3o&#8221;]18 meses.[\/vc_toggle][vc_toggle title=&#8221;Aulas Presenciais&#8221;]S\u00e1bados (quinzenais).[\/vc_toggle][vc_toggle title=&#8221;Corpo Docente&#8221;]Mestres e Doutores.[\/vc_toggle][vc_toggle title=&#8221;Inicio das Aulas&#8221;]\u00c0 definir.[\/vc_toggle][\/vc_column][\/vc_row]<\/p>\n","protected":false},"excerpt":{"rendered":"<p>[vc_row full_width=&#8221;stretch_row_content&#8221; content_placement=&#8221;middle&#8221; parallax=&#8221;content-moving-fade&#8221; parallax_image=&#8221;1870&#8243; default_id=&#8221;themesflat_1541595892&#8243; css=&#8221;.vc_custom_1584672041826{padding-top: 150px !important;padding-bottom: 100px !important;background-position: center;background-repeat: no-repeat !important;background-size: cover !important;}&#8221; el_id=&#8221;header-personalizada__header&#8221;][vc_column][vc_column_text] Especializa\u00e7\u00e3o em Gest\u00e3o de Organiza\u00e7\u00f5es do Terceiro Setor Visa desenvolver profissionais que sejam capazes de planejar, implantar e gerenciar Organiza\u00e7\u00f5es do Terceiro Setor [\/vc_column_text][\/vc_column][\/vc_row][vc_row css=&#8221;.vc_custom_1584482728891{padding-top: 100px !important;padding-bottom: 100px !important;}&#8221;][vc_column width=&#8221;2\/3&#8243;][vc_tta_tabs][vc_tta_section title=&#8221;Objetivo&#8221; tab_id=&#8221;Objetivo95f3-0bd2&#8243;][vc_column_text]Desenvolver profissionais que [&hellip;]<\/p>\n","protected":false},"author":1,"featured_media":0,"parent":1692,"menu_order":0,"comment_status":"closed","ping_status":"closed","template":"tpl\/front-page.php","meta":[],"_links":{"self":[{"href":"https:\/\/projetos.wlocus.com.br\/fcc\/wp-json\/wp\/v2\/pages\/3949"}],"collection":[{"href":"https:\/\/projetos.wlocus.com.br\/fcc\/wp-json\/wp\/v2\/pages"}],"about":[{"href":"https:\/\/projetos.wlocus.com.br\/fcc\/wp-json\/wp\/v2\/types\/page"}],"author":[{"embeddable":true,"href":"https:\/\/projetos.wlocus.com.br\/fcc\/wp-json\/wp\/v2\/users\/1"}],"replies":[{"embeddable":true,"href":"https:\/\/projetos.wlocus.com.br\/fcc\/wp-json\/wp\/v2\/comments?post=3949"}],"version-history":[{"count":3,"href":"https:\/\/projetos.wlocus.com.br\/fcc\/wp-json\/wp\/v2\/pages\/3949\/revisions"}],"predecessor-version":[{"id":4178,"href":"https:\/\/projetos.wlocus.com.br\/fcc\/wp-json\/wp\/v2\/pages\/3949\/revisions\/4178"}],"up":[{"embeddable":true,"href":"https:\/\/projetos.wlocus.com.br\/fcc\/wp-json\/wp\/v2\/pages\/1692"}],"wp:attachment":[{"href":"https:\/\/projetos.wlocus.com.br\/fcc\/wp-json\/wp\/v2\/media?parent=3949"}],"curies":[{"name":"wp","href":"https:\/\/api.w.org\/{rel}","templated":true}]}}